f0da2
In base 2, what is -1111110111011 + 11000011110?
-1100110011101
In base 7, what is -1315 - -3565263?
3563645
In base 11, what is -6127 + -493?
-660a
In base 8, what is 54 + -32021525?
-32021451
In base 14, what is -1b2 + 6d1b?
6b49
In base 16, what is fb7 + ddf?
1d96
In base 3, what is -1 - -100002222122211101?
100002222122211100
In base 13, what is 3 - 26662a2?
-266629c
In base 4, what is 11003010300 + -332?
11003003302
In base 15, what is 66e208 - -16?
66e21e
In base 4, what is -123001 + 130303223?
130120222
In base 10, what is -174655030 + 0?
-174655030
In base 5, what is 10041 - 34442012?
-34431421
In base 3, what is -10201100 + -10101220?
-21010020
In base 4, what is -1133202102 - 112122?
-1133320230
In base 9, what is -477461483 + 0?
-477461483
In base 7, what is -2243 + -104665?
-110241
In base 16, what is -cc + 1c9a8?
1c8dc
In base 5, what is 14423 + 10120?
30043
In base 16, what is 247666f - 12?
247665d
In base 16, what is 716cbf - -1?
716cc0
In base 3, what is 1011010201 - 1112001?
1002121200
In base 6, what is -1 - 12053334342?
-12053334343
In base 6, what is -121105542234 - 4?
-121105542242
In base 3, what is 11 + 10020000121121?
10020000121202
In base 14, what is 14571c4 + 33?
1457217
In base 8, what is 17657571 + 0?
17657571
In base 3, what is 1010011022 - -11221?
1010100020
In base 10, what is 299220252 + 2?
299220254
In base 7, what is -5 - -522644?
522636
In base 15, what is 2781d3 + -3?
2781d0
In base 13, what is -6480c + -8?
-64817
In base 5, what is -1221024213 - 4?
-1221024222
In base 14, what is 626 - -118a1?
120c7
In base 12, what is 637072 + -83?
636bab
In base 9, what is -5066 + -11708?
-16775
In base 2, what is -110 + -101111010100010011010011111?
-101111010100010011010100101
In base 12, what is -1857b2b + -3?
-1857b32
In base 3, what is 22220100011 - -12001?
22220112012
In base 7, what is 20260345 + 162?
20260540
In base 9, what is 3 - -8355807?
8355811
In base 16, what is -5c82 + -c80?
-6902
In base 8, what is -1167500772 + -2?
-1167500774
In base 4, what is 3211 + -12132123222?
-12132120011
In base 6, what is 5 + 14033245233?
14033245242
In base 4, what is -22230101 + -101330?
-22332031
In base 8, what is 7077 + -4670?
2207
In base 2, what is 1001 - 1111000101110101000101?
-1111000101110100111100
In base 16, what is -28ba99 - 3?
-28ba9c
In base 16, what is 36 - 1bf905?
-1bf8cf
In base 15, what is -5a6a0 + 52?
-5a64d
In base 12, what is -2 - -30068643?
30068641
In base 6, what is -204405400 + 0?
-204405400
In base 2, what is -1011011101101 + -101001111101?
-10000101101010
In base 9, what is 463175 - -170?
463355
In base 9, what is 11 - 4501052?
-4501041
In base 6, what is 1025311 - -4?
1025315
In base 6, what is 2331033 - 33?
2331000
In base 5, what is 1034003 + 10142?
1044200
In base 6, what is -545033 - -5432?
-535201
In base 10, what is 16973970 - 6?
16973964
In base 8, what is 4311 - 533?
3556
In base 11, what is 231 - -494296?
494517
In base 4, what is -2 - 100121213310320?
-100121213310322
In base 11, what is -3 - 21963534?
-21963537
In base 12, what is 8189 + -48?
8141
In base 5, what is 24104 + 14414340?
14443444
In base 7, what is 2042 - 202560?
-200515
In base 12, what is -3 - -1a9296?
1a9293
In base 4, what is 1203101331 + -12?
1203101313
In base 9, what is 248 + 1330176?
1330435
In base 15, what is 3bc2 + -d?
3bb4
In base 3, what is 20210222020 + 12?
20210222102
In base 4, what is -2121000130 - 21130?
-2121021320
In base 7, what is 1326 + 3136?
4465
In base 13, what is 5 - -74783b1?
74783b6
In base 10, what is 137 + -13795?
-13658
In base 10, what is -29 - -559957?
559928
In base 10, what is -66499526 - 5?
-66499531
In base 11, what is -56015022 + 5?
-56015018
In base 12, what is 20 + 72ba56?
72ba76
In base 12, what is -79 + -7b8964?
-7b8a21
In base 16, what is 861f + -14d6?
7149
In base 6, what is -41255015150 + 10?
-41255015140
In base 2, what is 1010000000101011110 - -10100?
1010000000101110010
In base 5, what is 1 + 2213224233?
2213224234
In base 6, what is -12044154 + -444?
-12045042
In base 6, what is 1520214 - 4054?
1512120
In base 4, what is 100 + 10202120?
10202220
In base 2, what is 101100 - -1000001101111010000011?
1000001101111010101111
In base 13, what is -268 - 3aa9?
-4044
In base 16, what is 37428357 + -5?
37428352
In base 3, what is 111 - -10210110110110?
10210110110221
In base 15, what is 31 - 340b6?
-34085
In base 11, what is -839 - -1534?
7a6
In base 5, what is -102413 - 111312?
-214230
In base 16, what is -326679f7 - 1?
-326679f8
In base 4, what is -20333301 + 1331002?
-13002233
In base 14, what is 603 + 4317?
491a
In base 6, what is -11430233142 - 0?
-11430233142
In base 9, what is -754855 - -4?
-754851
In base 14, what is 1cb65d - 40?
1cb61d
In base 10, what is 303 + 2640402?
2640705
In base 16, what is 9 + 408427?
408430
In base 14, what is -966c0 + -3b?
-9671b
In base 6, what is -104404 + 12430?
-51534
In base 5, what is 2132224 - 2014?
2130210
In base 6, what is -12351032 - 2?
-12351034
In base 2, what is 10100101100 + -110011011011000?
-110000110101100
In base 2, what is 11011001100000101011 + 10001101?
11011001100010111000
In base 5, what is -23 - 100302224?
-100302302
In base 14, what is -1d14 - 17c8?
-36dc
In base 5, what is 200013 - 330421?
-130403
In base 7, what is -142326 - -4362?
-134634
In base 15, what is -8b902 - -1b?
-8b8d6
In base 8, what is -105 - 1044000?
-1044105
In base 12, what is -70 + -20a89?
-20b39
In base 9, what is 63046 - 482?
62454
In base 8, what is 444510 + -324?
444164
In base 15, what is -3555a + -1b?
-35576
In base 8, what is 5714 + -237567?
-231653
In base 11, what is -270a119 + -6?
-270a124
In base 9, what is 4 + -805263?
-805258
In base 8, what is -1 + 533025445?
533025444
In base 11, what is 25125 + 740?
25865
In base 10, what is -20768 + -23?
-20791
In base 14, what is -6489 - 18?
-64a3
In base 7, what is 2104612 - 4453?
2100126
In base 3, what is 0 + 211022001212121?
211022001212121
In base 10, what is -162 - -3057061?
3056899
In base 6, what is 15 + 455?
514
In base 15, what is -20855 - 3ad?
-20c13
In base 16, what is 108e - -8cfb?
9d89
In base 12, what is -31426 - -412a?
-292b8
In base 8, what is 62010 - -10036?
72046
In base 4, what is 13332300111 - 10?
13332300101
In base 3, what is -1220210201120200100 + -1?
-1220210201120200101
In base 7, what is 1113 + -115405?
-114262
In base 2, what is -10100001001000110111101110110 - -10?
-10100001001000110111101110100
In base 10, what is -88492 + 850?
-87642
In base 6, what is 120305 - -4015?
124324
In base 12, what is 35a - -255b1?
2594b
In base 15, what is 13 + b484c?
b4860
In base 15, what is 23 + -6750a?
-674d7
In base 15, what is -59c2 + 1746?
-427b
In base 12, what is -4 - 7aa333?
-7aa337
In base 6, what is -154 + 13012312?
13012114
In base 7, what is 16561003 - 15?
16560655
In base 6, what is -21324 - -1024325?
1003001
In base 9, what is 11268 + 13366?
24645
In base 3, what is -120220221021001000 - 11?
-120220221021001011
In base 6, what is 10 + -25124434?
-25124424
In base 9, what is 6106437 + 2?
6106440
In base 5, what is 221423030140 + -3?
221423030132
In base 2, what is -111 + 1011111000111011000001?
1011111000111010111010
In base 4, what is 11213003000132 - -3?
11213003000201
In base 5, what is -24 + 222432123?
222432044
In base 8, what is -3 - -331445354?
331445351
In base 11, what is 125 + -18a2a?
-18905
In base 14, what is -1 + a33a8?
a33a7
In base 14, what is -b2 + 81?
-31
In base 5, what is -3221044 + 3123?
-3212421
In base 10, what is -3214986 + 3?
-3214983
In base 9, what is -40587427 - 0?
-40587427
In base 16, what is 0 - 137833?
-137833
In base 14, what is -6715a - -141?
-67019
In base 10, what is -307802916 - -4?
-307802912
In base 14, what is 4 - -13c08d?
13c093
In base 3, what is -12100221220020221 + -112?
-12100221220021110
In base 10, what is -4217 - 9710?
-13927
In base 7, what is 322 + 1112043?
1112365
In base 8, what is -100140417 - 11?
-100140430
In base 9, what is -4 - 438872?
-438876
In base 7, what is 1265 + -1454566?
-1453301
In base 15, what is -1d2 + 6d4b1?
6d2ce
In base 6, what is 33025442 + 44?
33025530
In base 7, what is -5123334022 - 1?
-5123334023
In base 16, what is f2be - -1be4?
10ea2
In base 16, what is 1bed - -168?
1d55
In base 14, what is 2ddc